01100110000?
101001100110101
In base 7, what is 412 - 256?
123
In base 4, what is -10223011 - 1?
-10223012
In base 9, what is 16 - 5447?
-5431
In base 13, what is -39b7 + 423?
-3594
In base 14, what is 13d - 68?
b5
In base 4, what is 1010 + 33301?
100311
In base 13, what is 6 - 112ba?
-112b4
In base 9, what is 33805 + 5?
33811
In base 5, what is 121 + -2220?
-2044
In base 12, what is 1008 + 3?
100b
In base 12, what is 6 + -25127?
-25121
In base 5, what is 4 - 14004010?
-14004001
In base 10, what is -276 - 170?
-446
In base 2, what is -11011011 - -101011011?
10000000
In base 8, what is 5717 - 44?
5653
In base 3, what is 1222111 + 1000112?
10000000
In base 12, what is -3103 + -45?
-3148
In base 2, what is 11 + 1011011111011001?
1011011111011100
In base 2, what is 1110011 - 1011011101110?
-1011001111011
In base 15, what is 5b13 + -30?
5ad3
In base 10, what is -3 - 60432?
-60435
In base 5, what is 3 - 13323340?
-13323332
In base 10, what is 6 - 2841?
-2835
In base 11, what is -1184 + -235?
-1409
In base 15, what is -1b2 - -12d?
-84
In base 14, what is -48 - -14?
-34
In base 6, what is -203 - 23045?
-23252
In base 14, what is -b - -3348?
333b
In base 16, what is -3 + -67?
-6a
In base 3, what is -222202201 + -2?
-222202210
In base 4, what is 1100201 + 1110?
1101311
In base 12, what is 2 + -7011b?
-70119
In base 3, what is 2111010 + 212100?
10100110
In base 3, what is -202220002122 - 1?
-202220002200
In base 10, what is -3 - 270361?
-270364
In base 2, what is -1111100101 - -1001101?
-1110011000
In base 5, what is 343 - 3200?
-2302
In base 12, what is -2 - -1a38b?
1a389
In base 5, what is -113 + -40?
-203
In base 14, what is -d + -2260a?
-22619
In base 9, what is -24865142 - -1?
-24865141
In base 6, what is -130 - 1505313?
-1505443
In base 2, what is 11 - -10110111110101110?
10110111110110001
In base 12, what is -9887a0 - -3?
-988799
In base 10, what is 2 - 683?
-681
In base 4, what is -232 - 30120?
-31012
In base 13, what is -12c2b + -4?
-12c32
In base 8, what is -1471 - 51?
-1542
In base 15, what is 2e7 - -398?
690
In base 14, what is 15963 - -5?
15968
In base 12, what is -8b2b - -5?
-8b26
In base 2, what is -101001011010 + 10110?
-101001000100
In base 3, what is -1201111 - 12110?
-1220221
In base 14, what is -749b + 38?
-7463
In base 6, what is -100 + -44353?
-44453
In base 16, what is -600 + 16?
-5ea
In base 4, what is -1100 - -31233?
30133
In base 8, what is 2 - -32724?
32726
In base 12, what is -b + -34943?
-34952
In base 7, what is -2 + 453631?
453626
In base 2, what is 10011111010110111 + -100?
10011111010110011
In base 11, what is 8 - 2946?
-2939
In base 6, what is -121 + -2453?
-3014
In base 14, what is 5 - 1361?
-135a
In base 9, what is -725 + -1444?
-2270
In base 13, what is -112 + 214?
102
In base 3, what is 20 + -1110222200?
-1110222110
In base 14, what is 5 + 1d204?
1d209
In base 9, what is 163302 - -4?
163306
In base 3, what is -11110121111 - 1?
-11110121112
In base 5, what is -10143 + -31?
-10224
In base 15, what is -4 - 4ed86?
-4ed8a
In base 3, what is 1211112 - 1111111?
100001
In base 12, what is 733b + -106?
7235
In base 11, what is -441672 + -5?
-441677
In base 10, what is -198 + 1110?
912
In base 11, what is -31a + -5?
-324
In base 4, what is 221103303 - 3?
221103300
In base 12, what is -5 + 12ab08?
12ab03
In base 9, what is 83 + -1051?
-857
In base 4, what is 232233022 - -1?
232233023
In base 6, what is -441345 + 55?
-441250
In base 11, what is -18854 - -17?
-18838
In base 3, what is 2000102 + -1021?
1222011
In base 7, what is 235501 - -2?
235503
In base 6, what is 13 + -143135?
-143122
In base 13, what is 12557 - b8?
1246c
In base 5, what is 10103 + -21?
10032
In base 9, what is 80211 - 5?
80205
In base 4, what is -112013333232 - 11?
-112013333303
In base 3, what is -122122 + 12?
-122110
In base 9, what is 807417 + 2?
807420
In base 3, what is -10 - -2212101010010?
2212101010000
In base 4, what is -3 - -3132232?
3132223
In base 10, what is 3 + 25601?
25604
In base 2, what is 101 + 10101100111101000011?
10101100111101001000
In base 13, what is a4a60 + -3?
a4a5a
In base 7, what is 15562 - -20?
15612
In base 14, what is 64 + -137c?
-1318
In base 5, what is 32334333 - -10?
32334343
In base 12, what is 8 - 28615?
-28609
In base 12, what is -26936 - -2b?
-26907
In base 15, what is 5 - -1819e?
181a4
In base 7, what is 2001 - 523?
1145
In base 7, what is -6310 - -11042?
1432
In base 6, what is -3113011 + 2?
-3113005
In base 11, what is -916 + 286?
-640
In base 11, what is 1a7 - 51aa?
-5003
In base 6, what is 10 + 552521?
552531
In base 12, what is -38 + 193?
157
In base 14, what is 2ac808 + -6?
2ac802
In base 3, what is -202002 - -220?
-201012
In base 13, what is 0 - 1995?
-1995
In base 4, what is -2202113 + -1020?
-2203133
In base 10, what is 210 + 1036?
1246
In base 10, what is -159100 - -4?
-159096
In base 14, what is 1 - -40c2?
40c3
In base 12, what is -978 - 43?
-9bb
In base 7, what is -2111 - -465?
-1313
In base 6, what is 1 + -2353?
-2352
In base 7, what is 225 - -125?
353
In base 15, what is -3d2 - -463?
81
In base 5, what is 0 + 40342210?
40342210
In base 10, what is 137702 + 2?
137704
In base 16, what is 82a55 - 2?
82a53
In base 5, what is -111314 + 22?
-111242
In base 16, what is -4 + 11e69?
11e65
In base 4, what is 1123031122 + -10?
1123031112
In base 9, what is 1278 + -7?
1271
In base 8, what is -635622 + -3?
-635625
In base 6, what is 22055 - 241?
21414
In base 14, what is -5 - -4ba5?
4ba0
In base 7, what is 13134 - -411?
13545
In base 3, what is 0 + -121220021?
-121220021
In base 9, what is 1 + 70318?
70320
In base 16, what is 135 - -1138?
126d
In base 12, what is 594 - 14?
580
In base 7, what is -2 - 2025216?
-2025221
In base 13, what is 18b38 + 15?
18b50
In base 3, what is -102 + -101220011111?
-101220011220
In base 12, what is -1b5ba + 3?
-1b5b7
In base 6, what is -1203 - -1254?
51
In base 14, what is -5a4 - -861?
29b
In base 10, what is 17765 - 5?
17760
In base 11, what is 1 + 255172?
255173
In base 12, what is 5 + 144570?
144575
In base 8, what is 25 + -123404?
-123357
In base 14, what is 801 + 3dc?
bdd
In base 7, what is 3 + 6161353?
6161356
In base 12, what is 2 + -151?
-14b
In base 11, what is -6093 + 15?
-6079
In base 2, what is 111101 + 1001101000101?
1001110000010
In base 12, what is 11930 + 3?
11933
In base 9, what is -61267 - -4?
-61263
In base 2, what is 0 - 101001011000000110011?
-101001011000000110011
In base 12, what is 97 + 139?
214
In base 6, what is 1454 - 223?
1231
In base 14, what is -2 - -13456d?
13456b
In base 11, what is 855 + -5?
850
In base 13, what is 2 - -7123?
7125
In base 9, what is -848757 + -5?
-848763
In base 16, what is -20 - -20a8?
2088
In base 11, what is 142 - 297?
-155
In base 4, what is 1222102130 + 11?
1222102201
In base 6, what is -14551 - 5?
-15000
In base 10, what is -253 - 121?
-374
In base 9, what is -55 + 2545?
2480
In base 2, what is -100101101011100 + -10101?
-100101101110001
In base 10, what is 327 - 1703?
-1376
In base 10, what is 294 + 20?
314
In base 9, what is -2564786 + 5?
-2564781
In base 15, what is -8c + -e38?
-ec5
In base 11, what is 8527 - -8?
8534
In base 6, what is -11323 + 5341?
-1542
In base 5, what is -443314210 + -3?
-443314213
In base 11, what is -8595 - 29a?
-8884
In base 12, what is -32 - -400?
38a
In base 3, what is 10112 - -1102011?
1112200
In base 3, what is 1100021 - -101221?
1202012
In base 3, what is -2200111002 + -210?
-2200111212
In base 3, what is -11121100021 - -2?
-11121100012
In base 12, what is -2 + 95401?
953bb
In base 15, what is -461a2 - 3?
-461a5
In base 6, what is 4 - 12513511?
-12513503
In base 12, what is 9685 - 3?
9682
In base 6, what is 30225 + 152?
30421
In base 13, what is -426 - -1b3?
-243
In base 9, what is 378 - 315?
63
In base 10, what is -1 + -1537?
-1538
In base 6, what is -432241 - -2?
-432235
In base 10, what is 27660 + 18?
27678
In base 6, what is -122354 + 122?
-122232
In base 8, what is 7124 - -354?
7500
In base 14, what is c0c + 2b2?
10c0
In base 15, what is 5967 + 3?
596a
In base 2, what is -11011001011001110100 + 1000?
-11011001011001101100
In base 4, what is -20 + -331321330?
-331322010
In base 8, what is -4447 - -27?
-4420
In base 7, what is 1030 - -1266?
2326
In base 9, what is -1460828 + -2?
-1460831
In bas